+ 1101011100011010?
1101011100011010
In base 16, what is 2d432 + -5?
2d42d
In base 16, what is -8550 - 23?
-8573
In base 7, what is 12 - 1402262?
-1402250
In base 7, what is 0 + 100360?
100360
In base 14, what is 5 + 1343?
1348
In base 7, what is 0 - 26630?
-26630
In base 14, what is 1 + -641d0?
-641cd
In base 2, what is 1101011011111 + 10101011?
1101110001010
In base 15, what is 84e4 + -60?
8484
In base 15, what is -7 + 7b0c?
7b05
In base 11, what is 113917 - 4?
113913
In base 11, what is a - -382?
391
In base 16, what is -28d1 + -6?
-28d7
In base 16, what is 87f - 10?
86f
In base 10, what is -159475 - 0?
-159475
In base 10, what is 19644 - -4?
19648
In base 16, what is -199 + -389?
-522
In base 3, what is -11212010 - 100?
-11212110
In base 5, what is 1122 + -2141?
-1014
In base 5, what is 234130301 + -2?
234130244
In base 2, what is 1001011111000110 - -110100?
1001011111111010
In base 4, what is 12 - -103311?
103323
In base 2, what is -10100100100000100 - 100?
-10100100100001000
In base 16, what is 3 + -1144f?
-1144c
In base 6, what is 325 - 555?
-230
In base 16, what is 0 + 750e0?
750e0
In base 16, what is -6382 - 6?
-6388
In base 12, what is 39b7b + 4?
39b83
In base 13, what is -2 - 20550?
-20552
In base 5, what is -2331424122 - 2?
-2331424124
In base 11, what is -4 + -2072?
-2076
In base 10, what is 3 + 39566?
39569
In base 10, what is -22 - 97531?
-97553
In base 2, what is 1011011010 - 111010?
1010100000
In base 12, what is -401 + -56?
-457
In base 7, what is -1646 + -4151?
-6130
In base 12, what is -65a52 - 10?
-65a62
In base 3, what is 200 - -202022112?
202100012
In base 9, what is -5 - -483717?
483712
In base 14, what is c7222 - 5?
c721b
In base 9, what is -8 + 38312?
38303
In base 16, what is -4 - 1681c?
-16820
In base 9, what is -2 + 58366?
58364
In base 12, what is 819b + -16?
8185
In base 12, what is 1aa7 + -b7?
19b0
In base 12, what is 6b32 - 54?
6a9a
In base 13, what is -2 + 3480?
347b
In base 4, what is -21200 - 10230?
-32030
In base 4, what is -221330302 + -11?
-221330313
In base 5, what is 111230313 + -4?
111230304
In base 3, what is 101 - 1111021001?
-1111020200
In base 11, what is 54 + 1207?
1260
In base 12, what is 7 - -1762b?
17636
In base 11, what is 78 - 534?
-467
In base 2, what is -10101101 - -100101100011?
100010110110
In base 13, what is 819a + 4?
81a1
In base 9, what is -148780 + -16?
-148806
In base 10, what is -8 - -1221?
1213
In base 2, what is -110000000000 - -10?
-101111111110
In base 13, what is 76 + 50?
c6
In base 7, what is -1505 + -451?
-2256
In base 15, what is 7c93 + b3?
7d56
In base 12, what is 4268b26 + 3?
4268b29
In base 8, what is -3 + 27411?
27406
In base 16, what is -73 - -132?
bf
In base 2, what is 111100101110 + -10001?
111100011101
In base 10, what is 181383 + 2?
181385
In base 14, what is -d670 + 4?
-d66a
In base 10, what is 7 - -2457?
2464
In base 15, what is 103e0 - 1b?
103c4
In base 16, what is 8 + 8cdb?
8ce3
In base 6, what is -12313024 + 1?
-12313023
In base 7, what is 131165 - -113?
131311
In base 11, what is -98 - -1346?
1259
In base 5, what is 1 - -1344221?
1344222
In base 6, what is -13530 - -22010?
4040
In base 10, what is -505133 - 1?
-505134
In base 5, what is 2144102 + -13?
2144034
In base 10, what is -6265 + -12?
-6277
In base 3, what is -10111002200210 + -10?
-10111002200220
In base 2, what is 1011100000110 + 11001001?
1011111001111
In base 6, what is 310 - 1020?
-310
In base 13, what is 3cb74 + a?
3cb81
In base 9, what is -114 + 455?
341
In base 8, what is -174 - 5206?
-5402
In base 16, what is 5 + dba?
dbf
In base 4, what is -31213331 + 33?
-31213232
In base 12, what is b844 - -73?
b8b7
In base 10, what is -6 + -146?
-152
In base 15, what is 1e8e - 13?
1e7b
In base 8, what is 11502 + -1125?
10355
In base 2, what is 100011011101110 + -1011?
100011011100011
In base 12, what is -10803b + 2?
-108039
In base 8, what is 14672721 - 0?
14672721
In base 4, what is 2 + 3033113?
3033121
In base 14, what is -8 - -4b651?
4b647
In base 4, what is 0 - -1113323221?
1113323221
In base 13, what is -5 + -5047?
-504c
In base 9, what is 1747 - -856?
2714
In base 16, what is 2d12 - -3?
2d15
In base 12, what is -6b + 100?
51
In base 3, what is 2010111211201 + 2?
2010111211210
In base 9, what is -1654 - 0?
-1654
In base 7, what is -1605 - -26?
-1546
In base 8, what is -2314 - -370?
-1724
In base 12, what is -3 - -128b9?
128b6
In base 7, what is -35 - -12123?
12055
In base 6, what is -5 - 4313211?
-4313220
In base 4, what is 13 - 12023033?
-12023020
In base 14, what is 417a + 7?
4183
In base 12, what is 0 + 45b91?
45b91
In base 14, what is 2d - 11cb?
-119c
In base 9, what is 1280 + 346?
1636
In base 13, what is 124ab9 - -3?
124abc
In base 12, what is 3 - -1129b?
112a2
In base 2, what is 11 + -1101011100010111?
-1101011100010100
In base 6, what is 335 + -300?
35
In base 14, what is d2 - -1db?
2cd
In base 7, what is -106 - 13506?
-13615
In base 6, what is 42 - 1312?
-1230
In base 11, what is -4a90 - 11?
-4aa1
In base 13, what is 71a12 + -1?
71a11
In base 10, what is 190 - 606?
-416
In base 11, what is -a2 - -2a55?
2963
In base 3, what is 111020122 + -22?
111020100
In base 8, what is -5 + 160267?
160262
In base 4, what is -10 - 1013012332?
-1013013002
In base 15, what is -4aa + 48?
-462
In base 11, what is 35114 - 47?
35078
In base 12, what is 909aa - 3?
909a7
In base 10, what is -11242 + 0?
-11242
In base 3, what is 220120 - -2000?
222120
In base 7, what is -4 + -46135?
-46142
In base 9, what is 7508 - -212?
7721
In base 4, what is -1011033000 + -11?
-1011033011
In base 8, what is 0 - -7534?
7534
In base 14, what is -20b90 + 4?
-20b8a
In base 7, what is -14 + 36640?
36623
In base 10, what is 11859 + -5?
11854
In base 9, what is -158 - -10111?
8842
In base 9, what is 0 + -705333?
-705333
In base 10, what is -7 + -9874?
-9881
In base 9, what is -3 - -82607?
82604
In base 12, what is 43121 + 3?
43124
In base 8, what is -1155 + -245?
-1422
In base 3, what is 200 + 1112212?
1120112
In base 8, what is 17752125 - -1?
17752126
In base 8, what is 13670 - 5?
13663
In base 2, what is -10101101110 - -10100?
-10101011010
In base 12, what is -488 - 25a?
-726
In base 15, what is -160725 - 2?
-160727
In base 4, what is 102103021 - 0?
102103021
In base 7, what is -61046 + -12?
-61061
In base 14, what is -1 + -16bc?
-16bd
In base 4, what is 1311 + 3303?
11220
In base 3, what is 1110010 - -1000221?
2111001
In base 16, what is c18 + 2?
c1a
In base 14, what is ac + -3b73?
-3aa5
In base 2, what is -110100 + 1010010001100100?
1010010000110000
In base 7, what is 2 + -66054?
-66052
In base 2, what is 10011010 + -1000010101101?
-1000000010011
In base 14, what is 0 + -71596?
-71596
In base 15, what is -3 - 15a4d?
-15a51
In base 9, what is 1455 + 38?
1504
In base 10, what is 1586789 - 5?
1586784
In base 15, what is -b94c + -5?
-b952
In base 15, what is -21be - 53?
-2222
In base 10, what is 4 - 66381?
-66377
In base 7, what is 1051 + 4562?
5643
In base 13, what is 17 + -112?
-c8
In base 16, what is 4ade + 1c5?
4ca3
In base 11, what is 130 + 475a?
488a
In base 4, what is 1033020 + 122131?
1221211
In base 3, what is 11112 - -120?
12002
In base 6, what is 5040054 - -5?
5040103
In base 9, what is 5627 - -36?
5664
In base 15, what is 118b6 - -2?
118b8
In base 11, what is -10 - 79168?
-79178
In base 8, what is 347 + 13?
362
In base 16, what is dc98 + 12?
dcaa
In base 9, what is -53 - 306?
-360
In base 11, what is -40 + -2a35?
-2a75
In base 14, what is -4374 + 5?
-436d
In base 6, what is 33 - 143?
-110
In base 16, what is 2 + -2357?
-2355
In base 9, what is -14364 + 2?
-14362
In base 11, what is -3189 + -3?
-3191
In base 4, what is 2 - -23211?
23213
In base 9, what is 5 - 511602?
-511586
In base 13, what is b + 8b9?
8c7
In base 2, what is -101 - 10011100101?
-10011101010
In base 8, what is -14 + -1752?
-1766
In base 7, what is 4 + -14201?
-14164
In base 16, what is -1 - -15ee?
15ed
In base 5, what is -1 - -20242230?
20242224
In base 14, what is -96 + 79c4?
792c
In base 8, what is 43 - 24740?
-24675
In base 9, what is -17205343 + -2?
-17205345
In base 2, what is -11 - 100101000100001100?
-100101000100001111
In base 16, what is 1723 - -3?
1726
In base 5, what is 10243 + 1242?
12040
In base 16, what is -334 + 511?
1dd
In base 4, what is 